{"id":229,"date":"2026-01-09T13:28:41","date_gmt":"2026-01-09T13:28:41","guid":{"rendered":"https:\/\/ancenis-saint-gereon2026.fr\/index.php\/un-collectif-pour-agir-ensemble\/"},"modified":"2026-01-14T16:45:51","modified_gmt":"2026-01-14T16:45:51","slug":"un-collectif-pour-agir-ensemble","status":"publish","type":"page","link":"https:\/\/ancenis-saint-gereon2026.fr\/index.php\/un-collectif-pour-agir-ensemble\/","title":{"rendered":"Un collectif pour agir ensemble"},"content":{"rendered":"\n<div class=\"wp-block-group has-mono-1-background-color has-background is-layout-flow wp-container-core-group-is-layout-ce397403 wp-block-group-is-layout-flow\" style=\"margin-top:0;margin-bottom:0;padding-top:0;padding-right:0;padding-bottom:0;padding-left:0\">\n<div class=\"wp-block-cover\" style=\"padding-top:var(--wp--preset--spacing--superbspacing-xlarge);padding-right:0;padding-bottom:var(--wp--preset--spacing--superbspacing-xlarge);padding-left:0;min-height:50px;aspect-ratio:unset;\"><img loading=\"lazy\" decoding=\"async\" width=\"1024\" height=\"400\" class=\"wp-block-cover__image-background wp-image-106 size-large\" alt=\"\" src=\"https:\/\/ancenis-saint-gereon2026.fr\/wp-content\/uploads\/2025\/11\/IMGP4561_03-1024x400.jpg\" data-object-fit=\"cover\" srcset=\"https:\/\/ancenis-saint-gereon2026.fr\/wp-content\/uploads\/2025\/11\/IMGP4561_03-1024x400.jpg 1024w, https:\/\/ancenis-saint-gereon2026.fr\/wp-content\/uploads\/2025\/11\/IMGP4561_03-300x117.jpg 300w, https:\/\/ancenis-saint-gereon2026.fr\/wp-content\/uploads\/2025\/11\/IMGP4561_03-768x300.jpg 768w, https:\/\/ancenis-saint-gereon2026.fr\/wp-content\/uploads\/2025\/11\/IMGP4561_03-1536x599.jpg 1536w, https:\/\/ancenis-saint-gereon2026.fr\/wp-content\/uploads\/2025\/11\/IMGP4561_03-2048x799.jpg 2048w\" sizes=\"auto, (max-width: 1024px) 100vw, 1024px\" \/><span aria-hidden=\"true\" class=\"wp-block-cover__background has-background-dim-40 has-background-dim\" style=\"background-color:#9b765c\"><\/span><div class=\"wp-block-cover__inner-container is-layout-flow wp-block-cover-is-layout-flow\">\n<div class=\"wp-block-group is-layout-constrained wp-container-core-group-is-layout-27ec71c5 wp-block-group-is-layout-constrained\" style=\"padding-top:0;padding-right:var(--wp--preset--spacing--superbspacing-small);padding-bottom:0;padding-left:var(--wp--preset--spacing--superbspacing-small)\">\n<div class=\"wp-block-group is-content-justification-center is-layout-constrained wp-container-core-group-is-layout-32b5ec3b wp-block-group-is-layout-constrained\" style=\"margin-top:0;margin-bottom:0\">\n<h6 data-wp-context---core-fit-text=\"core\/fit-text::{&quot;fontSize&quot;:&quot;&quot;}\" data-wp-init---core-fit-text=\"core\/fit-text::callbacks.init\" data-wp-interactive data-wp-style--font-size=\"core\/fit-text::context.fontSize\" class=\"wp-block-heading has-text-align-center has-fit-text has-text-color has-superbfont-xxlarge-font-size\" style=\"color:#fdfdfd;font-style:normal;font-weight:400\">Un collectif pour <br>Agir Ensemble<\/h6>\n\n\n\n<h4 class=\"wp-block-heading has-text-align-center\">\u00c9lections municipales 2026<\/h4>\n<\/div>\n<\/div>\n<\/div><\/div>\n<\/div>\n\n\n\n<div class=\"wp-block-group alignfull has-mono-4-background-color has-background is-layout-constrained wp-container-core-group-is-layout-129f6e7c wp-block-group-is-layout-constrained\" style=\"margin-top:0;margin-bottom:0;padding-top:var(--wp--preset--spacing--superbspacing-large);padding-right:var(--wp--preset--spacing--superbspacing-small);padding-bottom:var(--wp--preset--spacing--superbspacing-large);padding-left:var(--wp--preset--spacing--superbspacing-small)\">\n<div class=\"wp-block-columns alignwide is-layout-flex wp-container-core-columns-is-layout-25593187 wp-block-columns-is-layout-flex\">\n<div class=\"wp-block-column is-vertically-aligned-center is-layout-flow wp-container-core-column-is-layout-a1628350 wp-block-column-is-layout-flow\" style=\"padding-top:0;padding-right:0;padding-bottom:0;padding-left:0\">\n<div class=\"wp-block-group is-layout-flow wp-container-core-group-is-layout-ff697075 wp-block-group-is-layout-flow\">\n<h3 class=\"wp-block-heading has-text-align-left has-superbfont-xlarge-font-size\" style=\"line-height:1.2\">Ch\u00e8re habitante, <br>cher habitant d&rsquo;Ancenis-Saint-G\u00e9r\u00e9on<\/h3>\n\n\n\n<p class=\"has-mono-2-color has-text-color has-superbfont-small-font-size\">Le 3 juillet 2020, avec \u00e9motion et fiert\u00e9, je devenais Maire d\u2019Ancenis-Saint-G\u00e9r\u00e9on. Une commune dans laquelle je suis n\u00e9 et o\u00f9 j\u2019habite depuis plus de 20 ans, apr\u00e8s un parcours professionnel dans d\u2019autres r\u00e9gions. Mon attachement \u00e0 la commune, mon ancrage local dans le Pays d\u2019Ancenis et la connaissance des acteurs \u00e9conomiques et associatifs qui font la richesse de notre territoire, sont autant de raisons qui m\u2019ont pouss\u00e9 \u00e0 m\u2019engager pour notre ville.<br>C\u2019est pourquoi, lundi 1er septembre dernier, j\u2019ai soumis ma candidature \u00e0 mes coll\u00e8ges \u00e9lus de la majorit\u00e9, pour pr\u00e9senter aux prochaines \u00e9lections municipales en mars 2026, <strong>une liste ind\u00e9pendante, citoyenne, exp\u00e9riment\u00e9e et enrichie par de nouveaux colistiers et colisti\u00e8res<\/strong>.<\/p>\n<\/div>\n\n\n\n<h5 class=\"wp-block-heading\">Un mandat d\u2019actions, de proximit\u00e9 et de rencontres<\/h5>\n\n\n\n<p class=\"has-mono-2-color has-text-color has-superbfont-small-font-size\">Depuis le d\u00e9but du mandat, avec mes coll\u00e8gues, nous sommes pr\u00e9sents au quotidien, \u00e0 vos c\u00f4t\u00e9s. <strong>Nos d\u00e9cisions, toujours fid\u00e8les \u00e0 l\u2019int\u00e9r\u00eat g\u00e9n\u00e9ral, ont \u00e9t\u00e9 prises avec vous et pour vous, sur le terrain.<\/strong> Et parce que cette approche est humaine, elle s\u2019est impos\u00e9e naturellement \u00e0 moi, avec toujours plus de proximit\u00e9 et de simplicit\u00e9.<\/p>\n\n\n\n<div class=\"wp-block-buttons is-layout-flex wp-container-core-buttons-is-layout-69f3c5ca wp-block-buttons-is-layout-flex\"><\/div>\n<\/div>\n\n\n\n<div class=\"wp-block-column is-vertically-aligned-center is-layout-flow wp-container-core-column-is-layout-40a2a7e8 wp-block-column-is-layout-flow\" style=\"padding-right:0;padding-bottom:0;padding-left:0\">\n<figure class=\"wp-block-image size-large has-custom-border\"><img loading=\"lazy\" decoding=\"async\" width=\"681\" height=\"1024\" src=\"https:\/\/ancenis-saint-gereon2026.fr\/wp-content\/uploads\/2025\/11\/IMGP4531-681x1024.webp\" alt=\"\" class=\"wp-image-107\" style=\"border-radius:0px\" srcset=\"https:\/\/ancenis-saint-gereon2026.fr\/wp-content\/uploads\/2025\/11\/IMGP4531-681x1024.webp 681w, https:\/\/ancenis-saint-gereon2026.fr\/wp-content\/uploads\/2025\/11\/IMGP4531-199x300.webp 199w, https:\/\/ancenis-saint-gereon2026.fr\/wp-content\/uploads\/2025\/11\/IMGP4531-768x1155.webp 768w, https:\/\/ancenis-saint-gereon2026.fr\/wp-content\/uploads\/2025\/11\/IMGP4531-1021x1536.webp 1021w, https:\/\/ancenis-saint-gereon2026.fr\/wp-content\/uploads\/2025\/11\/IMGP4531-scaled.webp 1277w\" sizes=\"auto, (max-width: 681px) 100vw, 681px\" \/><\/figure>\n<\/div>\n<\/div>\n<\/div>\n\n\n\n<div class=\"wp-block-group alignfull is-layout-constrained wp-container-core-group-is-layout-8bbd0b3b wp-block-group-is-layout-constrained\" style=\"margin-top:0;margin-bottom:0;padding-top:var(--wp--preset--spacing--superbspacing-large);padding-right:var(--wp--preset--spacing--superbspacing-small);padding-bottom:var(--wp--preset--spacing--superbspacing-large);padding-left:var(--wp--preset--spacing--superbspacing-small)\">\n<div class=\"wp-block-columns alignwide is-layout-flex wp-container-core-columns-is-layout-25593187 wp-block-columns-is-layout-flex\">\n<div class=\"wp-block-column is-vertically-aligned-center is-layout-flow wp-container-core-column-is-layout-a1628350 wp-block-column-is-layout-flow\" style=\"padding-top:0;padding-right:0;padding-bottom:0;padding-left:0\">\n<div class=\"wp-block-group is-layout-flow wp-container-core-group-is-layout-ff697075 wp-block-group-is-layout-flow\">\n<p class=\"has-mono-2-color has-text-color has-superbfont-small-font-size\">Nous nous sommes investis sans compter pour transformer la commune, am\u00e9liorer votre quotidien et faire \u00e9voluer la Communaut\u00e9 de Communes du Pays d\u2019Ancenis (COMPA).<br>Ces ann\u00e9es sont pass\u00e9es tr\u00e8s vite, dans un contexte particuli\u00e8rement difficile : la crise sanitaire, la guerre en Europe, l\u2019augmentation du co\u00fbt de la vie, l\u2019instabilit\u00e9 politique nationale et la crise budg\u00e9taire. N\u00e9anmoins, nous avons su relever les d\u00e9fis, porter de nombreux projets, pr\u00e9server autant que possible le bien-\u00eatre, l\u2019environnement et pr\u00e9parer l\u2019avenir. Nous avons agi avec comp\u00e9tence, rigueur et s\u00e9rieux. Nous avons r\u00e9ussi et probablement manqu\u00e9 \u00e0 d\u2019autres moments.<\/p>\n\n\n\n<p class=\"has-mono-2-color has-text-color has-superbfont-small-font-size\">Alors oui, en 5 ans, j\u2019ai pris quelques cheveux blancs, mais j\u2019ai surtout fait de belles rencontres. Je tiens \u00e0 vous remercier pour votre bienveillance et votre reconnaissance lors de nos nombreux \u00e9changes.<\/p>\n\n\n\n<h5 class=\"wp-block-heading\">Et demain ?<\/h5>\n\n\n\n<p class=\"has-text-align-left has-mono-2-color has-text-color has-superbfont-small-font-size\">Dans les ann\u00e9es \u00e0 venir, m\u00eame si les collectivit\u00e9s territoriales ne sont pas responsables de l\u2019explosion de la dette nationale, elles vont \u00eatre confront\u00e9es \u00e0 de fortes turbulences financi\u00e8res dont nous ne mesurons pas encore toutes les cons\u00e9quences. <strong>\u00c0 Ancenis-Saint-G\u00e9r\u00e9on, gr\u00e2ce \u00e0 une gestion saine de nos finances qui prend en compte les besoins actuels et futurs, nous saurons affronter ces difficult\u00e9s.<\/strong><\/p>\n<\/div>\n<\/div>\n\n\n\n<div class=\"wp-block-column is-vertically-aligned-center is-layout-flow wp-container-core-column-is-layout-40a2a7e8 wp-block-column-is-layout-flow\" style=\"padding-right:0;padding-bottom:0;padding-left:0\">\n<p class=\"has-text-align-left has-mono-2-color has-text-color has-superbfont-small-font-size\">La transition engag\u00e9e depuis pr\u00e8s de 6 ans doit s\u2019acc\u00e9l\u00e9rer avec ambition et responsabilit\u00e9. Elle doit continuer d\u2019\u00eatre men\u00e9e dans l\u2019\u00e9coute, le dialogue et la co-construction.<br>Je tiens \u00e0 remercier mes coll\u00e8gues \u00e9lus qui m\u2019ont renouvel\u00e9 leur confiance. Je remercie \u00e9galement les nombreuses personnes dynamiques et enthousiastes du collectif \u00abAncenis-Saint-G\u00e9r\u00e9on, Agir Ensemble\u00bb qui, le 10 septembre dernier, m\u2019ont apport\u00e9 leur soutien.<\/p>\n\n\n\n<p class=\"has-text-align-left has-mono-2-color has-text-color has-superbfont-small-font-size\">Mon exp\u00e9rience en tant que conseiller municipal de 2014 \u00e0 2020 puis maire depuis 2020, est un atout ind\u00e9niable, une expertise indispensable pour g\u00e9rer la commune. <strong>Par cons\u00e9quent, je serai candidat pour un second mandat de maire<\/strong>.<br>Avec le collectif, nous souhaitons aller encore plus loin dans l\u2019action, avec vous. Dans les prochaines semaines, nous vous invitons \u00e0 participer \u00e0 l\u2019\u00e9laboration d\u2019un projet communal et intercommunal 2026-2032, ambitieux et r\u00e9aliste, dans le respect des avis de chacune et chacun. Nous irons \u00e9galement \u00e0 votre rencontre, pour \u00e9changer sur vos attentes et propositions.<\/p>\n\n\n\n<p class=\"has-mono-2-color has-text-color has-superbfont-small-font-size\">Si vous souhaitez vous investir dans cette belle aventure humaine, n\u2019h\u00e9sitez pas \u00e0 nous rejoindre ou \u00e0 <a href=\"https:\/\/ancenis-saint-gereon2026.fr\/index.php\/soutiens\/\" data-type=\"page\" data-id=\"171\">nous soutenir<\/a> en nous contactant par t\u00e9l\u00e9phone au 06 41 50 25 90 ou par mail : collectif-municipales@ancenis-saint-gereon2026.fr <\/p>\n<\/div>\n<\/div>\n<\/div>\n","protected":false},"excerpt":{"rendered":"<p>Ch\u00e8re habitante, cher habitant d&rsquo;Ancenis-Saint-G\u00e9r\u00e9on Le 3 juillet 2020, avec \u00e9motion et fiert\u00e9, je devenais Maire d\u2019Ancenis-Saint-G\u00e9r\u00e9on. Une commune dans laquelle je suis n\u00e9 et o\u00f9 j\u2019habite depuis plus de 20 ans, apr\u00e8s un parcours professionnel dans d\u2019autres r\u00e9gions. Mon attachement \u00e0 la commune, mon ancrage local dans le Pays d\u2019Ancenis et la connaissance des [&hellip;]<\/p>\n","protected":false},"author":2,"featured_media":0,"parent":0,"menu_order":0,"comment_status":"closed","ping_status":"closed","template":"superbaddons-page-template","meta":{"footnotes":""},"class_list":["post-229","page","type-page","status-publish","hentry"],"_links":{"self":[{"href":"https:\/\/ancenis-saint-gereon2026.fr\/index.php\/wp-json\/wp\/v2\/pages\/229","targetHints":{"allow":["GET"]}}],"collection":[{"href":"https:\/\/ancenis-saint-gereon2026.fr\/index.php\/wp-json\/wp\/v2\/pages"}],"about":[{"href":"https:\/\/ancenis-saint-gereon2026.fr\/index.php\/wp-json\/wp\/v2\/types\/page"}],"author":[{"embeddable":true,"href":"https:\/\/ancenis-saint-gereon2026.fr\/index.php\/wp-json\/wp\/v2\/users\/2"}],"replies":[{"embeddable":true,"href":"https:\/\/ancenis-saint-gereon2026.fr\/index.php\/wp-json\/wp\/v2\/comments?post=229"}],"version-history":[{"count":4,"href":"https:\/\/ancenis-saint-gereon2026.fr\/index.php\/wp-json\/wp\/v2\/pages\/229\/revisions"}],"predecessor-version":[{"id":235,"href":"https:\/\/ancenis-saint-gereon2026.fr\/index.php\/wp-json\/wp\/v2\/pages\/229\/revisions\/235"}],"wp:attachment":[{"href":"https:\/\/ancenis-saint-gereon2026.fr\/index.php\/wp-json\/wp\/v2\/media?parent=229"}],"curies":[{"name":"wp","href":"https:\/\/api.w.org\/{rel}","templated":true}]}}